. Suppose -5*n - 4*p = -v, p - 72 = -2*n + 3*p. What is the units digit of n?
8
Suppose -4*a = -4*b - 7480, 1820 = a + 4*b - 50. What is the thousands digit of a?
1
Let g(x) = -3*x + 15*x - x - 3*x - 4. What is the tens digit of g(3)?
2
Let z(t) = 2*t**2 - 6*t - 10. Let u(s) = s - 1. Let c(n) = 5*u(n) + z(n). Let j be c(0). Let a(r) = -3*r + 1. What is the units digit of a(j)?
6
Suppose 2*u - 732 = 412. What is the units digit of u?
2
Suppose 4*k - 1503 = 2*l + 2155, 0 = k - 5*l - 928. What is the hundreds digit of k?
9
Suppose 16*a = 9*a + 35. Suppose -u - 9 - 6 = -5*d, a*d + u - 15 = 0. What is the units digit of d?
3
Let j = 294 - -75. What is the units digit of j?
9
Suppose 6*m = m. Let g = 4 - m. Suppose h + 34 = 3*z, -18 = -g*z + z - 3*h. What is the tens digit of z?
1
Suppose -2*s = -17 + 9. Suppose s*c - 217 - 95 = 0. What is the tens digit of 2*c/(5 - 2)?
5
Let a(x) = 9*x**2 + 2*x - 2. Let o(f) = -f**2 - 1. Let c(u) = a(u) - 3*o(u). Let b = -1 - 0. What is the units digit of c(b)?
1
Let x(m) be the second derivative of 1/12*m**4 - m**2 - 1/2*m**3 + 0 - 2*m. What is the tens digit of x(-7)?
6
Let r be (24/10)/(1/5). What is the tens digit of 60*(-1)/(r/(-9))?
4
Let w(p) = 27*p + 168. What is the tens digit of w(9)?
1
Suppose 4*r = 3*d + d + 772, -2*d = 3*r - 564. Let g = -83 + r. What is the tens digit of g?
0
Suppose 7*v - 5*v = 10. Suppose -v*u = -3*t + 65, -3*t + 12 = -3*u - 51. What is the units digit of t?
0
Suppose 0 = -5*a - 3*r + 5592, 81*r - 2236 = -2*a + 79*r. What is the thousands digit of a?
1
Let m(u) = 3 - 2 + 1 + 5*u + u**2 - 15*u. Let i be m(10). Suppose 2*j = 2*t + 36, 43 = i*j + 3*t + 2*t. What is the units digit of j?
9
Let u be 1/7 - (-13)/7. Suppose u*x = 3 + 3. Suppose 2*m - 3*c - 93 = 0, x*m - 3*c - 140 = c. What is the tens digit of m?
4
Let o = 351 - 692. Let h = o - -525. What is the tens digit of h?
8
Let u(l) be the first derivative of l**4/4 + 5*l**3 + 11*l**2/2 - 4*l + 5. Suppose -2*b + 8 = 36. What is the units digit of u(b)?
8
Let c = 0 - -432. What is the units digit of c?
2
Suppose 4*o = -4*d + 80, 62 = 3*d + 4*o + o. Let r = 19 - d. What is the units digit of 10 - (1 + r - -1)?
8
Let f(k) be the first derivative of -97*k**2/2 - 17*k + 11. What is the units digit of f(-3)?
4
Let h(m) = 20*m**2 - 96*m. What is the tens digit of h(-5)?
8
Suppose -4*s + 12 + 0 = 0. Suppose -s*u - a + 309 = -2*a, -3*a = 9. What is the hundreds digit of u?
1
Suppose 0*f + 31 = f. What is the units digit of f?
1
Let a(f) = 636*f. Let w be a(1). Suppose -3*d = 2*d + m - w, 4*d = 4*m + 528. Suppose 108 = 4*t - 4*x - 96, 3*t - d = -2*x. What is the tens digit of t?
4
Suppose 0 = 9*m - 11033 + 2312. What is the units digit of m?
9
What is the tens digit of 19/(114/5652) + -8?
3
Suppose 453*s = 445*s + 24296. What is the hundreds digit of s?
0
Let v = 1212 + -649. What is the hundreds digit of v?
5
Let i be (-623)/(-14) + (-1)/2. Let s = i + -62. What is the units digit of (-9)/(s/(-4)) + 62?
0
Let t = -16 - -16. What is the tens digit of (t + (-94)/(-4))*2?
4
Let h = 67 - 101. Let c = 64 - h. What is the tens digit of c?
9
Suppose 11*g = 27 + 6. Suppose 0*c + 3*s - 429 = -g*c, 5*c + 2*s - 700 = 0. What is the units digit of c?
8
Let x be (-1)/2*64/(-2). Let f = x + -13. What is the units digit of f?
3
Suppose 12*k = 2*k + 200. Suppose 0 = -17*q + k*q - 495. What is the units digit of q?
5
Suppose 3*w + 7 + 140 = 0. What is the tens digit of (0 - 8)*(w/14 - 5)?
6
Suppose -12*s = -8*s - 8. Suppose -s*o + 516 = 2*z - 0*o, -3*o = 2*z - 521. What is the tens digit of z?
5
Let t(h) = 3*h**2 + 12*h - 5. Let k be t(-6). Let z = 44 - k. What is the tens digit of z?
1
Let o(q) = q**2 + 3*q - 6. Let r be o(-9). Let g = r + -21. Suppose 33 = 4*x - g. What is the tens digit of x?
1
Suppose -2*v + 8 = 0, -8*y + 7976 = -4*y - 2*v. What is the tens digit of y?
9
Let y(d) = -2*d - 6*d + 10 - 16 - 14*d. Let w be y(-2). Suppose -w - 6 = -2*g. What is the tens digit of g?
2
Suppose -17*q + 19*q - 20 = 0. Suppose -v - 5*n + 24 = -q*n, 0 = 3*v + 4*n - 34. What is the units digit of v?
4
What is the tens digit of 818/10 - ((-184)/20 - -9)?
8
Let u(o) = -7*o + 1. Let c be u(4). Let y = 59 + c. What is the units digit of y?
2
What is the thousands digit of (-468)/1014 + 16243/13?
1
Suppose -2*f + 5*r + 4991 = 2*f, r = 3*f - 3735. What is the tens digit of f?
4
Suppose 185 = 7*r + 1375. Let k = 24 - r. What is the units digit of k?
4
Let d = 12 - 8. Suppose d*w = 88 + 4. Suppose f - w + 10 = 0. What is the units digit of f?
3
Suppose -p - 5497 = -4*j - 6*p, 4*j - 2*p = 5518. What is the hundreds digit of j?
3
Suppose -2*k + 10*k - 96 = 0. Suppose -4*f - k = -32. Suppose 281 = f*r - 4*s, -5*r + s + s + 283 = 0. What is the tens digit of r?
5
Let c(u) = -1276*u + 5. What is the hundreds digit of c(-1)?
2
Let c(k) = -2*k**3 + 2*k**2 - 6*k - 6. Let t(d) = -d**3 - 5*d**2 + 6*d - 3. Let f be t(-6). What is the units digit of c(f)?
4
Suppose -g = -5*g + 56. Suppose -2*l - 18 = g. Let t = 0 - l. What is the units digit of t?
6
Suppose 4*u - 155 = 221. What is the units digit of u + (1 + (-8)/(-4) - 3)?
4
Suppose -3*o - 8*o = 99. Let w(n) = n**3 + 12*n**2 + 15*n + 25. What is the units digit of w(o)?
3
Suppose 92 + 34 = -6*p. Let j be 82/2 - (-1 - -3). Let t = j + p. What is the units digit of t?
8
Let z be 116/(-5) - 3/(-15). Let j(d) = 2*d**3 + 11*d**2 - 16*d - 11. Let t be j(-6). Let n = t + z. What is the tens digit of n?
2
Suppose -2*t = 6*t - 1856. Suppose -18*u + t = -10*u. What is the units digit of u?
9
Suppose g = -2*g + 186. Suppose g = -0*h + 2*h. What is the units digit of h?
1
Suppose z + 76*z - 82236 = 0. What is the tens digit of z?
6
Let v = -1195 - -1749. What is the tens digit of v?
5
Suppose 4251 = z - 3*p, -3*p + 3034 + 5486 = 2*z. What is the units digit of z?
7
Suppose -5*o + 3438 = -2*g - 2432, 0 = -g. What is the tens digit of o?
7
Suppose 2*z + 2*t + 26 = 0, -5*t = -3*z - 2*t - 45. Let u = z + 52. Let s = u - 27. What is the tens digit of s?
1
Let c = -9 - -59. Suppose 0*q + q + c = 2*t, -73 = -3*t + q. What is the units digit of t?
3
Suppose 2*a + 2125 = 5*t, -1707 = -4*t + 2*a + a. What is the tens digit of t?
2
Suppose 1060 = 2*f - 0*f. What is the tens digit of f?
3
Let l(t) = -t**3 - 17*t**2 + 17*t + 21. Let u be 7*1 + (-6 - -3). Suppose -u*b - 18 = 54. What is the units digit of l(b)?
9
Suppose y - 3*h = 518, 117 = 2*y + 2*h - 935. What is the tens digit of y?
2
Suppose -u - 2*m = -698, 4*u + 3*m - 2813 = 2*m. What is the tens digit of u?
0
Let t(h) = -3 - 1 + 5 - 52*h. Suppose -2*k - 3*q - 17 = 0, -4*k + 2*q - 5*q - 19 = 0. What is the units digit of t(k)?
3
Suppose 0 = q + 4*p - 3*p - 1338, 5*p - 2682 = -2*q. What is the hundreds digit of q?
3
What is the units digit of (-50)/6*147/(-49)?
5
Let v(r) = -3*r + 3*r**2 - 4*r**2 + 2*r**2 - 1. Let l be v(4). Suppose 3*k = l*t - k - 75, 9 = t + 4*k. What is the tens digit of t?
2
Let v = -182 + 105. Let x = 169 + v. What is the units digit of x?
2
Suppose 48 = 4*o - 48. Suppose -y - o = -5*y. Suppose 4*h - 22 = y. What is the units digit of h?
7
Suppose 3*w + 5*p = 430, 2*w + 3*p = 123 + 165. What is the units digit of w?
0
What is the units digit of 4/12*-3 - -260?
9
What is the units digit of ((-16)/2)/((-2856)/1424 + 2)?
4
Suppose 3*j - 4*j = -1. Let u = 18 - j. Suppose -v + 43 = u. What is the units digit of v?
6
Suppose -5*w + 3 + 5 = c, -4 = -3*c - 5*w. What is the units digit of (24/2)/(c/(-11))?
6
Let u(i) be the third derivative of 5/24*i**4 + 2/3*i**3 + 0*i + 7*i**2 + 0 + 3/20*i**5 - 1/120*i**6. What is the tens digit of u(9)?
4
What is the hundreds digit of (18 - 12) + -1 - -3169?
1
Suppose -4*j + 1348 + 712 = -2*d, -2*j - 4*d + 1020 = 0. What is the units digit of j?
4
Suppose -11*x - 9124 = -13*x + 2*k, -3*x + 13701 = 2*k. What is the units digit of x?
5
Let b(f) = 8*f - 6. Let c(u) = u + 1. Let g(k) = -b(k) + 6*c(k). What is the units digit of g(-5)?
2
Let b be ((-13)/((-117)/6))/(2/(-12)). Let r(l) = -l**3 - 3*l**2 - 7. What is the units digit of r(b)?
9
Let a(p) = -p**3 + 49*p**2 - 104*p + 127. What is the thousands digit of a(45)?
3
Suppose -450 = -5*q - 0*q. Let d = q - 28. What is the tens digit of d?
6
Let j(g) = -27*g + 83. What is the units digit of j(-21)?
0
